{"id":73,"date":"2026-01-20T00:23:56","date_gmt":"2026-01-19T23:23:56","guid":{"rendered":"http:\/\/dekodom.com.pl\/?page_id=73"},"modified":"2026-02-02T10:59:11","modified_gmt":"2026-02-02T09:59:11","slug":"strona-glowna","status":"publish","type":"page","link":"https:\/\/dekodom.com.pl\/","title":{"rendered":"Strona g\u0142\u00f3wna"},"content":{"rendered":"\t\t<div data-elementor-type=\"wp-page\" data-elementor-id=\"73\" class=\"elementor elementor-73\">\n\t\t\t\t<div class=\"elementor-element elementor-element-97a4e41 e-grid e-con-full e-con e-parent\" data-id=\"97a4e41\" data-element_type=\"container\">\n\t\t\t\t<div class=\"elementor-element elementor-element-049087a elementor-widget elementor-widget-image\" data-id=\"049087a\" data-element_type=\"widget\" data-widget_type=\"image.default\">\n\t\t\t\t\t\t\t\t\t\t\t\t\t\t\t\t<a href=\"https:\/\/dekodom.com.pl\/index.php\/kategoria-produktu\/kuchnia\/\">\n\t\t\t\t\t\t\t<img fetchpriority=\"high\" decoding=\"async\" width=\"313\" height=\"381\" src=\"https:\/\/dekodom.com.pl\/wp-content\/uploads\/2026\/01\/kuchnia-3.png\" class=\"attachment-large size-large wp-image-127\" alt=\"\" srcset=\"https:\/\/dekodom.com.pl\/wp-content\/uploads\/2026\/01\/kuchnia-3.png 313w, https:\/\/dekodom.com.pl\/wp-content\/uploads\/2026\/01\/kuchnia-3-246x300.png 246w\" sizes=\"(max-width: 313px) 100vw, 313px\" \/>\t\t\t\t\t\t\t\t<\/a>\n\t\t\t\t\t\t\t\t\t\t\t\t\t\t\t<\/div>\n\t\t\t\t<div class=\"elementor-element elementor-element-a7330e6 elementor-widget elementor-widget-image\" data-id=\"a7330e6\" data-element_type=\"widget\" data-widget_type=\"image.default\">\n\t\t\t\t\t\t\t\t\t\t\t\t\t\t\t\t<a href=\"https:\/\/dekodom.com.pl\/index.php\/kategoria-produktu\/lazienka\/\">\n\t\t\t\t\t\t\t<img decoding=\"async\" width=\"298\" height=\"341\" src=\"https:\/\/dekodom.com.pl\/wp-content\/uploads\/2026\/01\/lazienka-1.png\" class=\"attachment-large size-large wp-image-128\" alt=\"\" srcset=\"https:\/\/dekodom.com.pl\/wp-content\/uploads\/2026\/01\/lazienka-1.png 298w, https:\/\/dekodom.com.pl\/wp-content\/uploads\/2026\/01\/lazienka-1-262x300.png 262w\" sizes=\"(max-width: 298px) 100vw, 298px\" \/>\t\t\t\t\t\t\t\t<\/a>\n\t\t\t\t\t\t\t\t\t\t\t\t\t\t\t<\/div>\n\t\t\t\t<div class=\"elementor-element elementor-element-d8d618f elementor-widget elementor-widget-image\" data-id=\"d8d618f\" data-element_type=\"widget\" data-widget_type=\"image.default\">\n\t\t\t\t\t\t\t\t\t\t\t\t\t\t\t\t<a href=\"https:\/\/dekodom.com.pl\/index.php\/kategoria-produktu\/garderoba-szafa\/\">\n\t\t\t\t\t\t\t<img decoding=\"async\" width=\"297\" height=\"335\" src=\"https:\/\/dekodom.com.pl\/wp-content\/uploads\/2026\/01\/garderoba-1.png\" class=\"attachment-large size-large wp-image-129\" alt=\"\" srcset=\"https:\/\/dekodom.com.pl\/wp-content\/uploads\/2026\/01\/garderoba-1.png 297w, https:\/\/dekodom.com.pl\/wp-content\/uploads\/2026\/01\/garderoba-1-266x300.png 266w\" sizes=\"(max-width: 297px) 100vw, 297px\" \/>\t\t\t\t\t\t\t\t<\/a>\n\t\t\t\t\t\t\t\t\t\t\t\t\t\t\t<\/div>\n\t\t\t\t<div class=\"elementor-element elementor-element-5674585 elementor-widget elementor-widget-image\" data-id=\"5674585\" data-element_type=\"widget\" data-widget_type=\"image.default\">\n\t\t\t\t\t\t\t\t\t\t\t\t\t\t\t\t<a href=\"https:\/\/dekodom.com.pl\/index.php\/kategoria-produktu\/pokoj-dzieciecy\/\">\n\t\t\t\t\t\t\t<img loading=\"lazy\" decoding=\"async\" width=\"307\" height=\"340\" src=\"https:\/\/dekodom.com.pl\/wp-content\/uploads\/2026\/01\/pokoj-dziecka-1.png\" class=\"attachment-large size-large wp-image-130\" alt=\"\" srcset=\"https:\/\/dekodom.com.pl\/wp-content\/uploads\/2026\/01\/pokoj-dziecka-1.png 307w, https:\/\/dekodom.com.pl\/wp-content\/uploads\/2026\/01\/pokoj-dziecka-1-271x300.png 271w\" sizes=\"(max-width: 307px) 100vw, 307px\" \/>\t\t\t\t\t\t\t\t<\/a>\n\t\t\t\t\t\t\t\t\t\t\t\t\t\t\t<\/div>\n\t\t\t\t<\/div>\n\t\t<div class=\"elementor-element elementor-element-734a95a e-grid e-con-full e-con e-parent\" data-id=\"734a95a\" data-element_type=\"container\">\n\t\t\t\t<div class=\"elementor-element elementor-element-3656188 elementor-widget elementor-widget-image\" data-id=\"3656188\" data-element_type=\"widget\" data-widget_type=\"image.default\">\n\t\t\t\t\t\t\t\t\t\t\t\t<figure class=\"wp-caption\">\n\t\t\t\t\t\t\t\t\t\t\t<a href=\"https:\/\/dekodom.com.pl\/index.php\/kategoria-produktu\/sezonowe\/wiosna\/\">\n\t\t\t\t\t\t\t<img loading=\"lazy\" decoding=\"async\" width=\"470\" height=\"520\" src=\"https:\/\/dekodom.com.pl\/wp-content\/uploads\/2026\/01\/wiosna.png\" class=\"attachment-large size-large wp-image-459\" alt=\"\" srcset=\"https:\/\/dekodom.com.pl\/wp-content\/uploads\/2026\/01\/wiosna.png 470w, https:\/\/dekodom.com.pl\/wp-content\/uploads\/2026\/01\/wiosna-271x300.png 271w\" sizes=\"(max-width: 470px) 100vw, 470px\" \/>\t\t\t\t\t\t\t\t<\/a>\n\t\t\t\t\t\t\t\t\t\t\t<figcaption class=\"widget-image-caption wp-caption-text\"><\/figcaption>\n\t\t\t\t\t\t\t\t\t\t<\/figure>\n\t\t\t\t\t\t\t\t\t<\/div>\n\t\t\t\t<div class=\"elementor-element elementor-element-b7606a8 elementor-widget elementor-widget-image\" data-id=\"b7606a8\" data-element_type=\"widget\" data-widget_type=\"image.default\">\n\t\t\t\t\t\t\t\t\t\t\t\t\t\t\t\t<a href=\"https:\/\/dekodom.com.pl\/index.php\/kategoria-produktu\/sezonowe\/lato\/\">\n\t\t\t\t\t\t\t<img loading=\"lazy\" decoding=\"async\" width=\"471\" height=\"520\" src=\"https:\/\/dekodom.com.pl\/wp-content\/uploads\/2026\/01\/lato.png\" class=\"attachment-large size-large wp-image-460\" alt=\"\" srcset=\"https:\/\/dekodom.com.pl\/wp-content\/uploads\/2026\/01\/lato.png 471w, https:\/\/dekodom.com.pl\/wp-content\/uploads\/2026\/01\/lato-272x300.png 272w\" sizes=\"(max-width: 471px) 100vw, 471px\" \/>\t\t\t\t\t\t\t\t<\/a>\n\t\t\t\t\t\t\t\t\t\t\t\t\t\t\t<\/div>\n\t\t\t\t<div class=\"elementor-element elementor-element-ccbf3a9 elementor-widget elementor-widget-image\" data-id=\"ccbf3a9\" data-element_type=\"widget\" data-widget_type=\"image.default\">\n\t\t\t\t\t\t\t\t\t\t\t\t\t\t\t\t<a href=\"https:\/\/dekodom.com.pl\/index.php\/kategoria-produktu\/sezonowe\/jesien\/\">\n\t\t\t\t\t\t\t<img loading=\"lazy\" decoding=\"async\" width=\"474\" height=\"520\" src=\"https:\/\/dekodom.com.pl\/wp-content\/uploads\/2026\/01\/jesien.png\" class=\"attachment-large size-large wp-image-461\" alt=\"\" srcset=\"https:\/\/dekodom.com.pl\/wp-content\/uploads\/2026\/01\/jesien.png 474w, https:\/\/dekodom.com.pl\/wp-content\/uploads\/2026\/01\/jesien-273x300.png 273w\" sizes=\"(max-width: 474px) 100vw, 474px\" \/>\t\t\t\t\t\t\t\t<\/a>\n\t\t\t\t\t\t\t\t\t\t\t\t\t\t\t<\/div>\n\t\t\t\t<div class=\"elementor-element elementor-element-7a56a26 elementor-widget elementor-widget-image\" data-id=\"7a56a26\" data-element_type=\"widget\" data-widget_type=\"image.default\">\n\t\t\t\t\t\t\t\t\t\t\t\t\t\t\t\t<a href=\"https:\/\/dekodom.com.pl\/index.php\/kategoria-produktu\/sezonowe\/zima\/\">\n\t\t\t\t\t\t\t<img loading=\"lazy\" decoding=\"async\" width=\"481\" height=\"519\" src=\"https:\/\/dekodom.com.pl\/wp-content\/uploads\/2026\/01\/zima.png\" class=\"attachment-large size-large wp-image-462\" alt=\"\" srcset=\"https:\/\/dekodom.com.pl\/wp-content\/uploads\/2026\/01\/zima.png 481w, https:\/\/dekodom.com.pl\/wp-content\/uploads\/2026\/01\/zima-278x300.png 278w\" sizes=\"(max-width: 481px) 100vw, 481px\" \/>\t\t\t\t\t\t\t\t<\/a>\n\t\t\t\t\t\t\t\t\t\t\t\t\t\t\t<\/div>\n\t\t\t\t<\/div>\n\t\t<div class=\"elementor-element elementor-element-8f57d19 e-flex e-con-boxed e-con e-parent\" data-id=\"8f57d19\" data-element_type=\"container\">\n\t\t\t\t\t<div class=\"e-con-inner\">\n\t\t\t\t<div class=\"elementor-element elementor-element-10810ed elementor-widget elementor-widget-wpforms\" data-id=\"10810ed\" data-element_type=\"widget\" data-widget_type=\"wpforms.default\">\n\t\t\t\t<div class=\"elementor-widget-container\">\n\t\t\t\t\t<div class=\"wpforms-container wpforms-container-full wpforms-render-modern\" id=\"wpforms-476\"><form id=\"wpforms-form-476\" class=\"wpforms-validate wpforms-form wpforms-ajax-form\" data-formid=\"476\" method=\"post\" enctype=\"multipart\/form-data\" action=\"\/index.php\/wp-json\/wp\/v2\/pages\/73\" data-token=\"1adfb10afdb5d42e91c9519eac498623\" data-token-time=\"1775251524\"><noscript class=\"wpforms-error-noscript\">Aby wype\u0142ni\u0107 ten formularz, w\u0142\u0105cz obs\u0142ug\u0119 JavaScript w przegl\u0105darce.<\/noscript><div id=\"wpforms-error-noscript\" style=\"display: none;\">Aby wype\u0142ni\u0107 ten formularz, w\u0142\u0105cz obs\u0142ug\u0119 JavaScript w przegl\u0105darce.<\/div><div class=\"wpforms-field-container\"><div id=\"wpforms-476-field_1-container\" class=\"wpforms-field wpforms-field-name\" data-field-id=\"1\"><fieldset><legend class=\"wpforms-field-label\">Imi\u0119  <span class=\"wpforms-required-label\" aria-hidden=\"true\">*<\/span><\/legend><div class=\"wpforms-field-row wpforms-field-medium\"><div class=\"wpforms-field-row-block wpforms-first wpforms-one-half\"><input type=\"text\" id=\"wpforms-476-field_1\" class=\"wpforms-field-name-first wpforms-field-required\" name=\"wpforms[fields][1][first]\" placeholder=\"podaj swoje imi\u0119 \" aria-errormessage=\"wpforms-476-field_1-error\" required><label for=\"wpforms-476-field_1\" class=\"wpforms-field-sublabel after\">Pierwszy<\/label><\/div><div class=\"wpforms-field-row-block wpforms-one-half\"><input type=\"text\" id=\"wpforms-476-field_1-last\" class=\"wpforms-field-name-last wpforms-field-required\" name=\"wpforms[fields][1][last]\" aria-errormessage=\"wpforms-476-field_1-last-error\" required><label for=\"wpforms-476-field_1-last\" class=\"wpforms-field-sublabel after\">Ostatni<\/label><\/div><\/div><\/fieldset><\/div><div id=\"wpforms-476-field_2-container\" class=\"wpforms-field wpforms-field-email\" data-field-id=\"2\"><label class=\"wpforms-field-label\" for=\"wpforms-476-field_2\">Adres e-mail <span class=\"wpforms-required-label\" aria-hidden=\"true\">*<\/span><\/label><input type=\"email\" id=\"wpforms-476-field_2\" class=\"wpforms-field-medium wpforms-field-required\" name=\"wpforms[fields][2]\" placeholder=\"podaj sw\u00f3j adres email\" spellcheck=\"false\" aria-errormessage=\"wpforms-476-field_2-error\" required><\/div>\t\t<div id=\"wpforms-476-field_4-container\"\n\t\t\tclass=\"wpforms-field wpforms-field-text\"\n\t\t\tdata-field-type=\"text\"\n\t\t\tdata-field-id=\"4\"\n\t\t\t>\n\t\t\t<label class=\"wpforms-field-label\" for=\"wpforms-476-field_4\" > tre\u015b\u0107 wiadomo\u015bci<\/label>\n\t\t\t<input type=\"text\" id=\"wpforms-476-field_4\" class=\"wpforms-field-medium\" name=\"wpforms[fields][4]\" >\n\t\t<\/div>\n\t\t<div id=\"wpforms-476-field_3-container\" class=\"wpforms-field wpforms-field-textarea\" data-field-id=\"3\"><label class=\"wpforms-field-label\" for=\"wpforms-476-field_3\">tre\u015b\u0107 wiadomo\u015bci<\/label><textarea id=\"wpforms-476-field_3\" class=\"wpforms-field-medium\" name=\"wpforms[fields][3]\" placeholder=\"napisz tre\u015b\u0107 swojej wiadomo\u015bci\" aria-errormessage=\"wpforms-476-field_3-error\" ><\/textarea><\/div><script>\n\t\t\t\t( function() {\n\t\t\t\t\tconst style = document.createElement( 'style' );\n\t\t\t\t\tstyle.appendChild( document.createTextNode( '#wpforms-476-field_4-container { position: absolute !important; overflow: hidden !important; display: inline !important; height: 1px !important; width: 1px !important; z-index: -1000 !important; padding: 0 !important; } #wpforms-476-field_4-container input { visibility: hidden; } #wpforms-conversational-form-page #wpforms-476-field_4-container label { counter-increment: none; }' ) );\n\t\t\t\t\tdocument.head.appendChild( style );\n\t\t\t\t\tdocument.currentScript?.remove();\n\t\t\t\t} )();\n\t\t\t<\/script><\/div><!-- .wpforms-field-container --><div class=\"wpforms-submit-container\" ><input type=\"hidden\" name=\"wpforms[id]\" value=\"476\"><input type=\"hidden\" name=\"page_title\" value=\"\"><input type=\"hidden\" name=\"page_url\" value=\"https:\/\/dekodom.com.pl\/index.php\/wp-json\/wp\/v2\/pages\/73\"><input type=\"hidden\" name=\"url_referer\" value=\"\"><button type=\"submit\" name=\"wpforms[submit]\" id=\"wpforms-submit-476\" class=\"wpforms-submit\" data-alt-text=\"Wysy\u0142anie...\" data-submit-text=\"Prze\u015blij\" aria-live=\"assertive\" value=\"wpforms-submit\">Prze\u015blij<\/button><img loading=\"lazy\" decoding=\"async\" src=\"https:\/\/dekodom.com.pl\/wp-content\/plugins\/wpforms-lite\/assets\/images\/submit-spin.svg\" class=\"wpforms-submit-spinner\" style=\"display: none;\" width=\"26\" height=\"26\" alt=\"Wczytywanie\"><\/div><\/form><\/div>  <!-- .wpforms-container -->\t\t\t\t<\/div>\n\t\t\t\t<\/div>\n\t\t\t\t\t<\/div>\n\t\t\t\t<\/div>\n\t\t\t\t<\/div>\n\t\t","protected":false},"excerpt":{"rendered":"<p>Aby wype\u0142ni\u0107 ten formularz, w\u0142\u0105cz obs\u0142ug\u0119 JavaScript w przegl\u0105darce.Aby wype\u0142ni\u0107 ten formularz, w\u0142\u0105cz obs\u0142ug\u0119 JavaScript w przegl\u0105darce. Imi\u0119 * PierwszyOstatni Adres e-mail *tre\u015b\u0107 wiadomo\u015bci Prze\u015blij<\/p>\n","protected":false},"author":1,"featured_media":0,"parent":0,"menu_order":0,"comment_status":"closed","ping_status":"closed","template":"","meta":{"ocean_post_layout":"","ocean_both_sidebars_style":"","ocean_both_sidebars_content_width":0,"ocean_both_sidebars_sidebars_width":0,"ocean_sidebar":"","ocean_second_sidebar":"","ocean_disable_margins":"enable","ocean_add_body_class":"","ocean_shortcode_before_top_bar":"","ocean_shortcode_after_top_bar":"","ocean_shortcode_before_header":"","ocean_shortcode_after_header":"","ocean_has_shortcode":"","ocean_shortcode_after_title":"","ocean_shortcode_before_footer_widgets":"","ocean_shortcode_after_footer_widgets":"","ocean_shortcode_before_footer_bottom":"","ocean_shortcode_after_footer_bottom":"","ocean_display_top_bar":"default","ocean_display_header":"default","ocean_header_style":"","ocean_center_header_left_menu":"","ocean_custom_header_template":"","ocean_custom_logo":0,"ocean_custom_retina_logo":0,"ocean_custom_logo_max_width":0,"ocean_custom_logo_tablet_max_width":0,"ocean_custom_logo_mobile_max_width":0,"ocean_custom_logo_max_height":0,"ocean_custom_logo_tablet_max_height":0,"ocean_custom_logo_mobile_max_height":0,"ocean_header_custom_menu":"","ocean_menu_typo_font_family":"","ocean_menu_typo_font_subset":"","ocean_menu_typo_font_size":0,"ocean_menu_typo_font_size_tablet":0,"ocean_menu_typo_font_size_mobile":0,"ocean_menu_typo_font_size_unit":"px","ocean_menu_typo_font_weight":"","ocean_menu_typo_font_weight_tablet":"","ocean_menu_typo_font_weight_mobile":"","ocean_menu_typo_transform":"","ocean_menu_typo_transform_tablet":"","ocean_menu_typo_transform_mobile":"","ocean_menu_typo_line_height":0,"ocean_menu_typo_line_height_tablet":0,"ocean_menu_typo_line_height_mobile":0,"ocean_menu_typo_line_height_unit":"","ocean_menu_typo_spacing":0,"ocean_menu_typo_spacing_tablet":0,"ocean_menu_typo_spacing_mobile":0,"ocean_menu_typo_spacing_unit":"","ocean_menu_link_color":"","ocean_menu_link_color_hover":"","ocean_menu_link_color_active":"","ocean_menu_link_background":"","ocean_menu_link_hover_background":"","ocean_menu_link_active_background":"","ocean_menu_social_links_bg":"","ocean_menu_social_hover_links_bg":"","ocean_menu_social_links_color":"","ocean_menu_social_hover_links_color":"","ocean_disable_title":"default","ocean_disable_heading":"default","ocean_post_title":"","ocean_post_subheading":"","ocean_post_title_style":"","ocean_post_title_background_color":"","ocean_post_title_background":0,"ocean_post_title_bg_image_position":"","ocean_post_title_bg_image_attachment":"","ocean_post_title_bg_image_repeat":"","ocean_post_title_bg_image_size":"","ocean_post_title_height":0,"ocean_post_title_bg_overlay":0.5,"ocean_post_title_bg_overlay_color":"","ocean_disable_breadcrumbs":"default","ocean_breadcrumbs_color":"","ocean_breadcrumbs_separator_color":"","ocean_breadcrumbs_links_color":"","ocean_breadcrumbs_links_hover_color":"","ocean_display_footer_widgets":"default","ocean_display_footer_bottom":"default","ocean_custom_footer_template":"","footnotes":""},"class_list":["post-73","page","type-page","status-publish","hentry","entry","owp-thumbs-layout-horizontal","owp-btn-normal","owp-tabs-layout-horizontal","has-no-thumbnails","has-product-nav"],"jetpack_sharing_enabled":true,"_links":{"self":[{"href":"https:\/\/dekodom.com.pl\/index.php\/wp-json\/wp\/v2\/pages\/73","targetHints":{"allow":["GET"]}}],"collection":[{"href":"https:\/\/dekodom.com.pl\/index.php\/wp-json\/wp\/v2\/pages"}],"about":[{"href":"https:\/\/dekodom.com.pl\/index.php\/wp-json\/wp\/v2\/types\/page"}],"author":[{"embeddable":true,"href":"https:\/\/dekodom.com.pl\/index.php\/wp-json\/wp\/v2\/users\/1"}],"replies":[{"embeddable":true,"href":"https:\/\/dekodom.com.pl\/index.php\/wp-json\/wp\/v2\/comments?post=73"}],"version-history":[{"count":67,"href":"https:\/\/dekodom.com.pl\/index.php\/wp-json\/wp\/v2\/pages\/73\/revisions"}],"predecessor-version":[{"id":625,"href":"https:\/\/dekodom.com.pl\/index.php\/wp-json\/wp\/v2\/pages\/73\/revisions\/625"}],"wp:attachment":[{"href":"https:\/\/dekodom.com.pl\/index.php\/wp-json\/wp\/v2\/media?parent=73"}],"curies":[{"name":"wp","href":"https:\/\/api.w.org\/{rel}","templated":true}]}}